48/528) a composite number?
False
Suppose 0 = 6*r - 10*r - 32. Let a(k) = 3*k**3 + k**2 + 9*k - 9. Let l be a(r). Let m = l + 2244. Is m prime?
True
Suppose -3*n + 5*x + 183 = -4*n, -x = -n - 183. Let j = n - -860. Suppose 2*t = -l + 681, -l - 3*t + j = -0*t. Is l a prime number?
False
Is (260704 - 7) + -5 - -9 a prime number?
False
Let y = 18661 + -8871. Let t = y + -2421. Is t prime?
True
Is 8/(-10) + 34 + 32571855/225 a prime number?
False
Suppose 0 = 9347*p - 9360*p + 3272893. Is p prime?
True
Let p(i) = 9038*i + 4239. Is p(21) prime?
False
Let d(p) be the third derivative of 41*p**4/24 + 7*p**3/2 - 18*p**2. Let q be d(5). Let l = 563 + q. Is l a prime number?
False
Let n(w) = 897*w**2 - 57*w - 517. Is n(-13) a composite number?
False
Suppose 0*w - 2*v - 10564 = -4*w, -w = -5*v - 2659. Let x = w + -900. Is x composite?
True
Let m be (-1)/((-16)/(-20) - 1) + -2. Suppose m*s - 889 = 224. Is s a composite number?
True
Let y be 422/(-1688) - (3/4)/(-3). Suppose y = -8*k + 128323 + 86901. Is k a composite number?
False
Is (2/(-6))/((7/(-28))/(1203051/4)) a prime number?
True
Let t(v) = -2*v**2 + 24*v. Let k = 74 - 53. Let n be t(k). Let p = n + 1013. Is p composite?
True
Let r(k) = 148395*k - 7141. Is r(6) a prime number?
True
Suppose i - 4*b = 411, 3*b + 656 + 1014 = 4*i. Is i/(-2)*(-1 + -1) prime?
True
Is ((-93548)/(-104))/(-1*-1*(-3)/(-6)) prime?
False
Suppose -4*l - 4*g = g - 20271, 0 = 5*g + 25. Suppose -5 - 10 = 3*c, 2*c = 3*f - l. Suppose -4*u + f = 4*p, -p - 5*u - 823 = -3*p. Is p prime?
True
Suppose 430*w = 422*w - 48. Let c = 2 + 2. Is ((-25)/c + 2)/(w/168) prime?
False
Let j = 134 + -78. Let n = j - 136. Is -1 + 550 + n/20 prime?
False
Let o = -582 + 619. Suppose -o = 5*t - 382. Is t a composite number?
True
Suppose 10*m = -a + 5*m - 17, 0 = 3*a - m + 19. Is 33042/42 + (-2)/a prime?
True
Suppose -11*i - 629050 = 12*i. Let s = -16107 - i. Is s composite?
False
Let k(x) = x**3 + x. Let p be k(-1). Let t(y) = -455*y**3 - 5*y + 7. Let m(u) = u**3 + u**2 - u + 1. Let f(r) = -4*m(r) + t(r). Is f(p) a composite number?
True
Let y = -120 + 199. Let x(l) = -y + 2*l**2 + 64 + 2*l**2 + 14*l. Is x(-19) a prime number?
True
Let s(w) = -w**2 - 16*w - 4. Let h be s(-16). Let o(b) = 3*b**2 + 7*b + 10. Let j be o(h). Is (-15)/(j/(-3296)) + 1/1 composite?
True
Let r(u) = u**3 + 19*u**2 - 12*u - 7. Suppose 4*y - 3*g = -66 - 79, -g - 165 = 4*y. Let q = y - -27. Is r(q) composite?
False
Let a = -82 - -105. Suppose 21*s + 2054 = a*s. Is s prime?
False
Let p = -485 + 737. Let r = p - 462. Let o = 883 + r. Is o composite?
False
Let n(f) = -5*f + 34. Let h(t) = -t**2 + 12*t + 1. Let c be h(7). Let o = c + -47. Is n(o) a composite number?
False
Suppose 27*k - 30*k + 3720 = 0. Suppose 1546 = 5*i + b, 4*i = -2*b - 2*b + k. Is i composite?
True
Is (-45)/18 + 5963738/4 + 3 a composite number?
True
Let m(n) = 1199*n**2 + 6*n + 77. Is m(-12) composite?
True
Suppose -815*u = -814*u - 3*t - 249206, -2*t = -u + 249201. Is u composite?
True
Let q = 359165 + -250986. Is q composite?
False
Let y = 54883 + 31155. Is y composite?
True
Suppose 0 = 4*a - 2*o - 10617 + 47175, 18264 = -2*a + 4*o. Let l = 16003 + a. Is l a prime number?
False
Suppose -3*q - 2*p = 3*p + 14, -14 = -q + 3*p. Let j(n) = 6949*n - 63. Is j(q) a prime number?
False
Let x(v) = -40553*v**2 - v + 1. Let c be x(-1). Let g be -2 + (c/9)/((-3)/9). Suppose 2592 - g = -3*f. Is f a prime number?
False
Suppose 21*o - 1171055 = 731524. Is o prime?
True
Suppose 0 = 5*j - 5*t - 54940, -2*j + 0*t - 4*t = -22006. Is j a composite number?
False
Let m(h) = -117*h - 15. Let j be m(23). Let a = -967 - j. Is a a composite number?
True
Let r(k) = -3615*k**3 - k**2 + 10*k + 25. Is r(-2) a prime number?
True
Suppose -28*k + 22229699 = -9265961. Is k prime?
False
Let t(f) = 6*f**2 + 6*f + 17. Suppose 0 = -2*u + h - 14, 5*u + 5*h = -0*u - 35. Let z be t(u). Suppose 477 + z = 2*x. Is x a composite number?
False
Suppose -1 = -4*f + 7. Let c(y) = -10*y - 414. Let v be c(-42). Suppose 0 = f*g + v, 3*t - 4*g = 4*t - 211. Is t a composite number?
False
Let q be ((-20)/12)/((-1)/3). Suppose -5*w - 7 + 32 = 0, w - 20640 = -q*z. Is z composite?
False
Let o(d) be the first derivative of -11*d**2/2 - 13*d - 20. Suppose -6*x - 60 = -x. Is o(x) prime?
False
Suppose 547 = -a + 514. Let b(u) = 3*u**2 + 55*u + 47. Is b(a) a prime number?
True
Let a be (11 + -11)*2/(2 + 6). Let n(i) = -i**3 + 12661. Is n(a) a composite number?
True
Is ((-2)/5)/((-27654688)/(-2304560) + -12) a composite number?
False
Let m = 7536 + -2564. Suppose -5*w = -3*d + m, 1 = 4*w - 15. Let s = d + 135. Is s a composite number?
True
Let o(h) = 6731*h - 1918. Is o(4) a composite number?
True
Let n(h) = 7*h**2 + 28*h - 85. Let t be n(20). Suppose 0 = -5*l + l + 20. Suppose 0*g + t = l*g. Is g a composite number?
True
Suppose r - 1 = 6. Suppose -2*n - 20 = -r*n. Suppose n*w + 2304 = 5*j - 286, j - 539 = 5*w. Is j a prime number?
False
Let z = 373096 + -133097. Is z prime?
True
Suppose 8*g = 2*u + 6672380, -4*g - 2*u = -g - 2502159. Is g prime?
False
Let u(r) = -7*r**3 + 98*r**2 + 2109*r + 25. Is u(-38) composite?
False
Suppose 0 = 55*f - 139*f + 6441372. Is f composite?
True
Suppose -5947 = 4*s + 14125. Let c = -3235 - s. Is c prime?
True
Let w = 173306 + -12533. Is w composite?
True
Let p(u) = -2 - 4*u**2 + 3 + 0 - 7. Let i be p(-3). Is (1906/3)/(i/(-63)) a prime number?
True
Let v be ((-4)/(-3))/((-46)/(-9) + -5). Is (v - (-3 - 14))/((-2)/(-74)) composite?
True
Suppose -98779 = 5*a + 3*a - 798435. Is a prime?
False
Let h be -3*4/(-8) + 490/4. Let r be 8/(0 - 1)*h. Let c = r - -1491. Is c a composite number?
False
Let f be 2*3/9*3. Is (14509/176*-4)/(f/(-8)) composite?
False
Let v = -284 - -155. Let u = v + 686. Is u a prime number?
True
Let u = 161403 + 152476. Is u composite?
False
Let t be 1 - 12/(4 + -1). Is 4918/((-10)/15*t) composite?
False
Let q be 3/(-15) + 153234/45. Let c = 12224 - q. Is c a composite number?
False
Let k(y) = -7*y + 30. Let d(h) = h**2 - 11*h + 23. Let j be d(9). Suppose -4*a + 3*b - 92 = 0, -2*b = -j*b. Is k(a) a prime number?
True
Let p be 114/7 + (-5)/((-70)/(-4)). Suppose 6325 = p*q - 11*q. Suppose -6*s + s + q = 0. Is s a prime number?
False
Let p = 4607 + -2112. Let m = p - 1084. Is m composite?
True
Is 33785 - 42/(5 - -2) composite?
True
Let b = 273036 - 116857. Is b a prime number?
False
Let x(s) = -8*s**3 + 15*s**2 - 31*s + 5. Let l(n) = -5*n**3 + 7*n**2 - 16*n + 3. Let r(u) = -5*l(u) + 2*x(u). Is r(7) a prime number?
True
Let w = 18438 - 27993. Let h = 13708 + w. Is h a composite number?
False
Let k(i) = 426*i**3 + 4*i**2 + 18*i + 4. Let t be k(-3). Let u = 42289 + t. Is u prime?
True
Suppose -1640379 = -235*a + 222*a. Is a a prime number?
False
Suppose -3*o = -0*q - 3*q - 33, -4*o - 26 = 3*q. Is (5011/6 + q/15)*10 a composite number?
True
Let u = -463905 + 797764. Is u prime?
False
Let a(p) = 4 - 192*p + 102*p - 5*p**2 + 6*p**2 + 99*p. Let v be a(-10). Suppose -7420 = -v*b + 23814. Is b prime?
False
Is (((-1681716)/9)/2)/((-92)/138) composite?
False
Let h(r) = 3*r**3 + r**2 + r - 1. Let y be h(1). Let o(d) = 9*d**2 + 16 + d**3 + 2*d - 23*d**2 + d + y*d. Is o(15) a prime number?
False
Let x = 316251 + -160244. Is x prime?
True
Let w = 112816 + -57286. Suppose 0 = 7*j + 2*j - w. Suppose h + 2 = 0, -h + j = 4*x - 0*h. Is x composite?
False
Suppose 5*l - b - 424710 = 0, -169891 = -2*l - 703*b + 702*b. Is l prime?
False
Suppose 2*a + 3*m = 22, 0 = -0*a + 4*a + m - 24. Suppose 4*b - 10527 = -3*k, -5 = -10*k + a*k. Is b a prime number?
False
Let z be -3 + 1 + (-820)/1. Let y(c) = 515*c - 68. Let k be y(-3). Let m = z - k. Is m a composite number?
True
Let p be (-3 + 62/(-8))*-4. Suppose 1 - 2 = -u, 5*j - p = 2*u. Suppose -l - 2344 = -j*b + 5*b, -586 = -b - 2*l. Is b prime?
False
Let y(r) = -31956*r - 4535. Is y(-31) a composite number?
False
Let a be ((-2096)/(-20))/((-2)/15). Let c = 1665 + a. Suppose -1014 - c = -3*d. Is d a composite number?
False
Suppose -2*s + 51 = -4*s - g, -23 = s + g. Let l be -14*2/s*4. Suppose -3660 = -l*o - 584. Is o a prime number?
True
Let y be ((-4)/5)/(4/(-10)). Suppose o + y*o = -96. Let r = o + 65. Is r a prime number?
False
Let w(x) = -x**2 + 10*x - 20. Let p be w(5). Let o be (2018/p)/((-2)/10). Let g